ors of 6547188.
2, 3, 545599
List the prime factors of 1033463.
1033463
What are the prime factors of 1821693?
3, 29, 20939
List the prime factors of 332500.
2, 5, 7, 19
What are the prime factors of 9824760?
2, 3, 5, 11, 827
List the prime factors of 27903085.
5, 7, 787, 1013
List the prime factors of 827849.
11, 17, 19, 233
List the prime factors of 2816043.
3, 938681
List the prime factors of 12090508.
2, 101, 29927
List the prime factors of 779284.
2, 11, 89, 199
List the prime factors of 370798.
2, 397, 467
What are the prime factors of 137323?
53, 2591
List the prime factors of 1288658.
2, 7, 83, 1109
List the prime factors of 4535105.
5, 907021
What are the prime factors of 3064297?
3064297
List the prime factors of 390348.
2, 3, 7, 1549
What are the prime factors of 136500?
2, 3, 5, 7, 13
What are the prime factors of 127921?
127921
What are the prime factors of 24047334?
2, 3, 445321
What are the prime factors of 58936?
2, 53, 139
What are the prime factors of 83912?
2, 17, 617
What are the prime factors of 25304176?
2, 491, 3221
What are the prime factors of 3462459?
3, 7, 11, 13, 1153
What are the prime factors of 611349?
3, 29, 7027
List the prime factors of 5884234.
2, 31, 94907
What are the prime factors of 2027367?
3, 225263
What are the prime factors of 5098029?
3, 97, 17519
List the prime factors of 869600.
2, 5, 1087
List the prime factors of 2948580.
2, 3, 5, 16381
What are the prime factors of 361904?
2, 22619
List the prime factors of 1962045.
3, 5, 59, 739
What are the prime factors of 10691210?
2, 5, 397, 2693
List the prime factors of 1824802.
2, 7, 130343
List the prime factors of 2154418.
2, 7, 153887
What are the prime factors of 5138367?
3, 13, 359, 367
List the prime factors of 3921868.
2, 23, 47, 907
List the prime factors of 4325439.
3, 683, 2111
List the prime factors of 480489.
3, 160163
List the prime factors of 16173274.
2, 13, 622049
What are the prime factors of 2507245?
5, 13, 17, 2269
What are the prime factors of 5775766?
2, 2887883
List the prime factors of 79949.
31, 2579
What are the prime factors of 7702195?
5, 421, 3659
List the prime factors of 1224886.
2, 13, 47111
List the prime factors of 3066657.
3, 11, 19, 67, 73
List the prime factors of 50457.
3, 11, 139
List the prime factors of 121610.
2, 5, 12161
List the prime factors of 54982.
2, 37, 743
List the prime factors of 2927999.
43, 149, 457
List the prime factors of 1026.
2, 3, 19
What are the prime factors of 43567?
19, 2293
List the prime factors of 60934.
2, 30467
List the prime factors of 8399498.
2, 4199749
What are the prime factors of 550099?
11, 43, 1163
What are the prime factors of 229865?
5, 31, 1483
List the prime factors of 37368.
2, 3, 173
What are the prime factors of 16819072?
2, 23, 29, 197
What are the prime factors of 1329325?
5, 53173
What are the prime factors of 25526343?
3, 23, 369947
List the prime factors of 17755876.
2, 461, 9629
What are the prime factors of 1939458?
2, 3, 323243
List the prime factors of 169919.
169919
List the prime factors of 2274712.
2, 11, 25849
What are the prime factors of 1640149?
7, 43, 5449
What are the prime factors of 404550?
2, 3, 5, 29, 31
What are the prime factors of 30443?
7, 4349
List the prime factors of 14342494.
2, 107, 67021
List the prime factors of 1567162.
2, 17, 46093
List the prime factors of 288994.
2, 144497
What are the prime factors of 21460?
2, 5, 29, 37
What are the prime factors of 9777668?
2, 23, 106279
List the prime factors of 1960058.
2, 283, 3463
List the prime factors of 1092533.
13, 31, 2711
What are the prime factors of 314692?
2, 7, 11239
List the prime factors of 227749.
17, 13397
List the prime factors of 15499301.
1163, 13327
What are the prime factors of 5202884?
2, 17, 19, 4027
What are the prime factors of 144946?
2, 23, 137
What are the prime factors of 188756?
2, 47189
What are the prime factors of 2949668?
2, 353, 2089
What are the prime factors of 36726?
2, 3, 6121
What are the prime factors of 146866?
2, 73433
List the prime factors of 13071475.
5, 23, 127, 179
List the prime factors of 13400836.
2, 3350209
List the prime factors of 531423.
3, 137, 431
What are the prime factors of 3535250?
2, 5, 79, 179
List the prime factors of 6917564.
2, 1729391
What are the prime factors of 477621?
3, 53069
What are the prime factors of 47157?
3, 11, 1429
What are the prime factors of 45149432?
2, 103, 157, 349
List the prime factors of 2262976.
2, 19, 1861
What are the prime factors of 1647955?
5, 329591
What are the prime factors of 554195?
5, 271, 409
List the prime factors of 16426275.
3, 5, 219017
What are the prime factors of 328393?
13, 25261
What are the prime factors of 78041?
78041
List the prime factors of 146033.
146033
What are the prime factors of 11170601?
13, 859277
What are the prime factors of 3336935?
5, 7, 67, 1423
What are the prime factors of 1143450?
2, 3, 5, 7, 11
What are the prime factors of 5926054?
2, 2963027
List the prime factors of 885497.
885497
What are the prime factors of 288197?
7, 13, 3167
What are the prime factors of 278357?
173, 1609
List the prime factors of 15395094.
2, 3, 11, 13, 5981
List the prime factors of 57932.
2, 7, 2069
What are the prime factors of 215163?
3, 13, 613
List the prime factors of 951571.
951571
What are the prime factors of 5959092?
2, 3, 157, 3163
List the prime factors of 17908995.
3, 5, 13, 91841
List the prime factors of 17673260.
2, 5, 11, 67, 109
What are the prime factors of 225831?
3, 75277
List the prime factors of 291923.
291923
What are the prime factors of 298768?
2, 71, 263
What are the prime factors of 25662228?
2, 3, 41, 43, 1213
List the prime factors of 3197679.
3, 1065893
What are the prime factors of 303215?
5, 11, 37, 149
What are the prime factors of 2237950?
2, 5, 11, 13, 313
What are the prime factors of 100946?
2, 17, 2969
List the prime factors of 299396.
2, 29, 89
List the prime factors of 1004694.
2, 3, 167449
List the prime factors of 7042752.
2, 3, 12227
List the prime factors of 32257.
32257
List the prime factors of 18101.
23, 787
List the prime factors of 736610.
2, 5, 7, 17, 619
List the prime factors of 1423623.
3, 474541
List the prime factors of 31602.
2, 3, 23, 229
List the prime factors of 227261.
31, 7331
List the prime factors of 6523693.
11, 71, 8353
What are the prime factors of 1019154?
2, 3, 169859
List the prime factors of 43814.
2, 19, 1153
List the prime factors of 561.
3, 11, 17
List the prime factors of 4234271.
4234271
What are the prime factors of 100147?
17, 43, 137
List the prime factors of 198411.
3, 66137
What are the prime factors of 4261638?
2, 3, 710273
What are the prime factors of 1330986?
2, 3, 221831
What are the prime factors of 1755476?
2, 438869
List the prime factors of 6380390.
2, 5, 19, 33581
What are the prime factors of 995876?
2, 7, 5081
What are the prime factors of 158599?
7, 139, 163
What are the prime factors of 1983226?
2, 7, 59
List the prime factors of 2920176.
2, 3, 7, 2897
What are the prime factors of 1074522?
2, 3, 31, 53, 109
What are the prime factors of 11262384?
2, 3, 7, 11173
What are the prime factors of 497051?
497051
List the prime factors of 474505.
5, 43, 2207
List the prime factors of 12976530.
2, 3, 5, 7, 61, 1013
What are the prime factors of 8909998?
2, 251, 17749
List the prime factors of 13100013.
3, 17, 85621
List the prime factors of 158922.
2, 3, 109
What are the prime factors of 6483414?
2, 3, 7, 29, 5323
What are the prime factors of 3947382?
2, 3, 37, 5927
List the prime factors of 2692309.
733, 3673
List the prime factors of 9046144.
2, 29, 2437
List the prime factors of 63494.
2, 53, 599
What are the prime factors of 216247?
43, 47, 107
What are the prime factors of 3094921?
277, 11173
What are the prime factors of 158201?
158201
What are the prime factors of 99299?
109, 911
What are the prime factors of 1095159?
3, 13, 28081
List the prime factors of 1567984.
2, 11, 59, 151
What are the prime factors of 1489196?
2, 372299
List the prime factors of 5776276.
2, 11, 43, 71
List the prime factors of 6447881.
11, 97, 6043
What are the prime factors of 991746?
2, 3, 7, 17, 463
List the prime factors of 1715949.
3, 37, 5153
List the prime factors of 930841.
930841
What are the prime factors 